 14*j + 61. Let u be x(9). Calculate the highest common factor of u and 6.
2
Let m be (10 - 1)/(-3) - -6. Suppose 0 = -a + m - 1. Suppose 5*c = -2*t + 103, -a*c = -c - 4*t - 25. Calculate the greatest common divisor of c and 3.
3
Suppose 1 = -g - 6. Let v(d) = d**2 - 4*d - 15. Let w be v(g). Calculate the highest common factor of 155 and w.
31
Suppose -20 = 5*t, -3*i + 356 = -t + 37. Let r be 2/3 + (-1232)/(-42). What is the highest common divisor of r and i?
15
Let l(n) = 3*n**2 + 9*n. Let m be l(-7). Let c = m - 42. Calculate the highest common divisor of 14 and c.
14
Let x be (-11 - -40) + 0/2. Let v = x - -11. What is the greatest common divisor of 8 and v?
8
Let a = 92 + -90. Suppose -486 = a*q - 11*q. What is the highest common factor of q and 9?
9
Let m = -23 - -44. Suppose a - d = m, 0*a - 4*d = -5*a + 104. Suppose 8*f + 329 = 489. Calculate the greatest common factor of a and f.
20
Let x be ((-6)/4)/((-1)/(4/3)). Suppose -5*m - 9 = 11. Let t(r) = -2*r - 3. Let i be t(m). What is the highest common divisor of i and x?
1
Suppose -2*y + 28 = 5*y. Suppose -9 = -2*q + x - 2, 3*q - 5*x = 28. What is the greatest common divisor of q and y?
1
Let w = -330 - -336. Calculate the greatest common factor of w and 270.
6
Let h(q) = 3*q**2 - 28*q - 2. Let t be h(10). Suppose -3*a + 9*a - 72 = 0. What is the highest common divisor of t and a?
6
Let h = 44 - -68. Suppose 17*b - 250 = 22. What is the highest common factor of h and b?
16
Suppose 7 + 49 = 2*d. Let n be (119/d)/(2*(-1)/(-8)). Calculate the highest common divisor of n and 17.
17
Let w(h) = -4*h + 108. Let m be 1 + 6/(-2) + 2. Let g be w(m). Calculate the greatest common divisor of g and 12.
12
Let i = 27 - 21. Suppose 2*z - 4 = i. Suppose -b + 9 = -z. What is the highest common divisor of 28 and b?
14
Let m(t) = 2*t + 3. Let d(w) = -4*w - 5 - 6 + 4. Let j(p) = -2*d(p) - 5*m(p). Let x be j(-3). What is the greatest common factor of 5 and x?
5
Suppose -4*a - 74 = -3*c, -c + 3*a + 22 = a. Suppose -3*i = -136 + 1. Calculate the highest common factor of c and i.
15
Let y(t) = 2*t + 17. Let l be y(-5). Let h(g) = g**3 - 7*g**2 + 5*g - 6. Let c be h(l). Calculate the highest common factor of c and 58.
29
Let q = 160 - 154. Calculate the greatest common divisor of q and 582.
6
Let y(b) = -5*b + 39. Let r(o) = -14*o + 118. Let m(a) = 3*r(a) - 10*y(a). Let q be m(6). What is the greatest common divisor of q and 12?
12
Let t = -9 + 14. Suppose 0*r - 4*r = -3*z - 244, 0 = -t*z + 20. Let w = r + -36. Calculate the greatest common divisor of w and 252.
28
Let i(l) = 216*l**2 + 7*l + 8. Let d be i(-2). What is the greatest common divisor of 6 and d?
6
Let g(t) = t**3 - 7*t**2 + 17*t - 21. Let p be g(6). Calculate the highest common factor of p and 54.
9
Let g be 46/138 + (-19232)/(-12). What is the greatest common factor of g and 7?
7
Let x(g) = -144*g - 133. Let b be x(-1). Let h be -16*(-1)/((-2)/(-11)). What is the highest common factor of h and b?
11
Let k(g) = -5*g - 3. Let m be k(-3). Suppose 0*j = j. Let q be (-1 - -1) + j + 24. Calculate the highest common divisor of m and q.
12
Let o be ((-16)/(-6))/(5/150). Calculate the greatest common divisor of 20 and o.
20
Let g be (23 + 0)/((-208)/24 - -9). What is the greatest common factor of 23 and g?
23
Let p be 10 - (-5 + 93/18)*6. Suppose -f + 0*f - 3*z = 8, 3*z + 13 = 4*f. Let t be (p + -4)*(f + 0). Calculate the highest common factor of 5 and t.
5
Let x(l) = 351*l. Let m be x(-1). Let t be (-1 - -1) + 10/5. Let q be (t/(-3))/(18/m). Calculate the highest common divisor of q and 91.
13
Suppose -12*x - 173 + 437 = 0. Suppose 84 = 13*y - 17*y. Let q = y - -23. What is the greatest common factor of q and x?
2
Suppose 0 = -3*y - 4*z - 0*z + 22, 0 = -3*y + 5*z + 67. Let o be ((-22)/12 - -2)*(9 - 3). Suppose b = y - o. What is the highest common divisor of 13 and b?
13
Suppose -2*y = -4*l - 5120, 3*y + 3*l - 2667 = 5013. What is the highest common factor of y and 10?
10
Let h be (1 - 1) + (-38)/(-2). Let c be (-172)/(-2)*91/(-26). Let w = c - -472. Calculate the highest common factor of w and h.
19
Let v be (-1)/(-3) + (-411)/(-9). Suppose v + 4 = 5*k. Suppose 3*b + 35 - k = 5*d, 0 = -d + b + 3. Calculate the highest common factor of d and 1.
1
Suppose 5*m - 5*k - 240 = 0, -2*m - 5*k + 42 = -m. Calculate the greatest common factor of m and 47.
47
Let o = -215 - -359. Let s(f) = f**2 - 5 + 4*f - 3 + 5. Let a be s(-7). Calculate the greatest common factor of o and a.
18
Suppose -n = 4*v - 25, 3*n - 3*v - v + 5 = 0. Suppose d + n*d = -804. Let a = 233 + d. What is the highest common factor of a and 11?
11
Let v(h) = -h**2 + 19*h + 2. Let n = 41 + -33. Let x be v(n). Calculate the greatest common factor of 9 and x.
9
Let r(p) = 3*p - 7. Suppose 5*h = -4*k + 29, -k + 38 = 4*h + 6. Suppose -h + 3 = -2*j. Let m be r(j). What is the highest common factor of 8 and m?
2
Let w(v) be the second derivative of v**4/6 + v**3/2 + v**2 + 20*v. Let a be w(-3). Calculate the greatest common divisor of a and 121.
11
Suppose 0 = -6*o + 4*o - 0*o. Let x be ((o - (3 - 6)) + -2)*5. Calculate the greatest common divisor of 5 and x.
5
Suppose -4*u = -3*p + 24, -u + 6 = -3*p + 30. Calculate the greatest common factor of p and 72.
8
Suppose 3*c - 52 = 86. Calculate the highest common factor of 138 and c.
46
Let d = 2 - 0. Suppose 4*o = 5*k - 42, -d*k + o = -3*o - 24. Suppose 0 = -0*j + 5*j - 210. What is the highest common divisor of j and k?
6
Suppose -2*w + 5*p - 35 = -7*w, -3*w + 21 = -5*p. Suppose 85 = w*u + 1. Calculate the highest common divisor of u and 3.
3
Let l(b) = 5*b**3 - 4*b**2 + 2*b + 2. Let o be l(2). Let a be ((-54)/12)/((-5)/o). Calculate the greatest common factor of a and 189.
27
Suppose 27 = 5*k - 63. Let f = k + -33. Let s = f + 39. Calculate the highest common factor of s and 36.
12
Let f(s) = -s**3 - 8*s**2 + 37*s + 262. Let t be f(-9). What is the greatest common factor of 130 and t?
10
Let z(x) = 200*x + 1295. Let u be z(-6). What is the greatest common divisor of 133 and u?
19
Let o be (49 + -55)*(5/6 + -1). Let t be (5481/28)/9 + o/4. What is the greatest common divisor of 198 and t?
22
Let d = 1034 + -874. What is the greatest common factor of 224 and d?
32
Suppose -78*c + 32502 = 9570. Calculate the highest common factor of c and 168.
42
Let b be 44/6 - (-1)/(-3). Let k be 3 + 17 + -4 + 15/3. What is the highest common factor of b and k?
7
Let h = -32 + 86. Calculate the greatest common factor of h and 126.
18
Let m(k) = k**2 - k + 1. Let j be m(0). Let q(f) = 16*f**2. Let h be q(j). Let t = 22 - h. What is the greatest common factor of 54 and t?
6
Let v(g) = -g**3 + 9*g**2 + g - 22. Let t be v(8). Calculate the highest common divisor of t and 75.
25
Let f(x) be the second derivative of -x**5/20 - 5*x**3/6 - x**2 - 2*x. Suppose 0 = 2*q - 4*q - 6. Let a be f(q). What is the greatest common divisor of a and 5?
5
Suppose -11*l = -9*l - 26. Suppose 6 = 2*v, -y = 5*v - l - 7. What is the greatest common divisor of 40 and y?
5
Let g = 570 - 195. Calculate the highest common divisor of g and 75.
75
Let j(l) = l**3 + 3*l**2 - 6*l - 2. Let b be j(-4). What is the highest common divisor of 42 and b?
6
Let p be -7 - (6 + -357) - 0/3. Calculate the greatest common factor of 24 and p.
8
Let c(x) = -6*x - 2*x + 7*x. Let a be c(3). Let n(w) = -6*w - 2. Let s be n(a). What is the greatest common divisor of s and 24?
8
Let d be 6/84 - (-63496)/112. What is the greatest common factor of 7 and d?
7
Suppose -2*c - 3*y + 42 = 0, 12 = 6*y - 12. What is the highest common divisor of c and 735?
15
Let d(h) = -h**3 + 15*h**2 - h + 28. Let p be d(15). What is the highest common factor of 637 and p?
13
Let i(z) be the first derivative of z**3 + 11*z**2/2 - 14*z - 5. Suppose 0*j = -3*j + 18. Let m be i(j). What is the highest common divisor of m and 20?
20
Suppose 0 = -g + 1, -3*q + 6*q - 23 = 4*g. Let d = 14 - q. Let j = d + -3. Calculate the highest common factor of 2 and j.
2
Let v = 850 - 554. What is the highest common factor of 185 and v?
37
Let a(l) = 3*l**3 - 2*l**2 - 3*l + 1. Let w be a(3). Let u(v) = -v**2 - 11*v + 17. Let b be u(-12). What is the greatest common divisor of b and w?
5
Let o(t) = -8*t**3 - t**2 + 1. Suppose -6*f - 2 = 4. Let s be o(f). Let q(a) = 74*